 the highest common factor of 16 and 11216.
16
Calculate the highest common factor of 105 and 2130.
15
Calculate the greatest common divisor of 7134 and 696.
174
What is the highest common factor of 12 and 4928?
4
Calculate the greatest common divisor of 3 and 29.
1
Calculate the highest common divisor of 243 and 6.
3
Calculate the greatest common divisor of 154 and 66.
22
What is the highest common divisor of 276 and 12?
12
What is the highest common divisor of 385 and 595?
35
What is the highest common divisor of 64 and 160?
32
Calculate the highest common divisor of 290 and 116.
58
What is the highest common divisor of 88 and 5296?
8
What is the highest common divisor of 4981 and 17?
17
Calculate the greatest common divisor of 754 and 52.
26
What is the greatest common factor of 34681 and 158?
79
What is the greatest common divisor of 33957 and 11?
11
Calculate the greatest common factor of 3009 and 177.
177
What is the greatest common divisor of 366 and 610?
122
What is the highest common factor of 36 and 99?
9
What is the highest common factor of 714 and 102?
102
What is the greatest common factor of 14 and 1792?
14
What is the highest common factor of 135 and 459?
27
What is the highest common divisor of 469 and 28?
7
What is the greatest common factor of 350 and 21?
7
What is the greatest common divisor of 4 and 5920?
4
Calculate the highest common factor of 51 and 4029.
51
What is the greatest common divisor of 49 and 2058?
49
Calculate the greatest common factor of 110 and 220.
110
What is the highest common divisor of 80 and 19580?
20
Calculate the highest common divisor of 98 and 3479.
49
What is the greatest common factor of 290 and 377?
29
What is the greatest common factor of 6016 and 1692?
188
Calculate the greatest common factor of 87 and 406.
29
Calculate the highest common factor of 517 and 376.
47
Calculate the highest common factor of 177 and 14101.
59
Calculate the greatest common factor of 20 and 66860.
20
Calculate the greatest common factor of 36 and 13.
1
What is the highest common divisor of 10057 and 1808?
113
Calculate the greatest common divisor of 26 and 4.
2
What is the greatest common factor of 8 and 498?
2
What is the greatest common divisor of 252 and 180?
36
What is the greatest common divisor of 24 and 438?
6
Calculate the greatest common factor of 232 and 2958.
58
What is the highest common divisor of 1750 and 75?
25
Calculate the highest common divisor of 32 and 29968.
16
What is the greatest common factor of 6 and 78?
6
What is the greatest common factor of 200 and 10?
10
Calculate the highest common divisor of 33 and 2937.
33
Calculate the highest common divisor of 22 and 671.
11
What is the greatest common divisor of 65 and 24245?
65
What is the highest common factor of 50 and 200?
50
Calculate the highest common factor of 5617 and 41.
41
What is the greatest common factor of 705 and 15?
15
What is the highest common divisor of 534 and 12?
6
What is the highest common divisor of 2413 and 254?
127
What is the highest common factor of 72 and 104?
8
What is the greatest common divisor of 675 and 27?
27
Calculate the greatest common factor of 40 and 152.
8
Calculate the highest common divisor of 16 and 22.
2
Calculate the highest common factor of 30930 and 30.
30
What is the greatest common factor of 143 and 7?
1
Calculate the highest common divisor of 232 and 29.
29
Calculate the greatest common divisor of 2 and 2722.
2
Calculate the highest common divisor of 384 and 2448.
48
What is the greatest common divisor of 8 and 216?
8
Calculate the greatest common divisor of 186 and 4.
2
Calculate the highest common divisor of 1197 and 133.
133
Calculate the highest common divisor of 161 and 14.
7
What is the highest common divisor of 10738 and 130?
26
Calculate the highest common divisor of 1100 and 44.
44
Calculate the highest common factor of 161 and 23.
23
What is the highest common divisor of 156 and 36?
12
What is the highest common factor of 533 and 39?
13
Calculate the highest common factor of 168 and 264.
24
What is the greatest common factor of 61 and 244?
61
Calculate the greatest common divisor of 270 and 580.
10
What is the highest common factor of 59 and 59?
59
What is the highest common factor of 130 and 143?
13
What is the highest common divisor of 533 and 41?
41
Calculate the greatest common factor of 176 and 12.
4
Calculate the highest common factor of 400 and 25.
25
What is the greatest common divisor of 6180 and 40?
20
Calculate the highest common factor of 11946 and 132.
66
What is the highest common factor of 988 and 76?
76
What is the greatest common factor of 72 and 666?
18
What is the greatest common divisor of 24150 and 644?
322
Calculate the greatest common factor of 589 and 76.
19
Calculate the greatest common divisor of 114 and 969.
57
What is the greatest common factor of 1184 and 32?
32
What is the highest common divisor of 8374 and 265?
53
Calculate the greatest common factor of 24616 and 181.
181
What is the highest common divisor of 26 and 91?
13
What is the greatest common factor of 312 and 26?
26
What is the greatest common divisor of 332 and 22742?
166
Calculate the highest common factor of 142 and 9514.
142
Calculate the highest common factor of 99 and 45.
9
What is the greatest common factor of 305 and 5?
5
What is the highest common factor of 9 and 237?
3
Calculate the greatest common divisor of 1701 and 42.
21
What is the greatest common factor of 260 and 728?
52
Calculate the greatest common factor of 774 and 36.
18
Calculate the highest common factor of 44 and 319.
11
What is the highest common factor of 517 and 470?
47
What is the highest common divisor of 12 and 1236?
12
Calculate the greatest common divisor of 364 and 1144.
52
What is the greatest common factor of 2583 and 328?
41
Calculate the highest common factor of 35883 and 9.
9
Calculate the highest common factor of 2355 and 10.
5
Calculate the greatest common factor of 45 and 5.
5
What is the greatest common factor of 954 and 530?
106
Calculate the highest common factor of 2 and 478.
2
What is the highest common factor of 26 and 494?
26
Calculate the highest common divisor of 468 and 36.
36
What is the highest common factor of 12 and 36?
12
What is the highest common divisor of 5285 and 35?
35
What is the highest common divisor of 130 and 65?
65
What is the highest common divisor of 1188 and 36?
36
What is the greatest common divisor of 342 and 646?
38
Calculate the greatest common divisor of 154 and 44.
22
Calculate the greatest common divisor of 68 and 4930.
34
Calculate the greatest common divisor of 7 and 511.
7
Calculate the greatest common factor of 902 and 176.
22
What is the highest common divisor of 29204 and 196?
196
Calculate the highest common divisor of 180 and 24.
12
Calculate the greatest common factor of 37 and 629.
37
Calculate the highest common divisor of 42 and 2982.
42
What is the highest common factor of 7700 and 693?
77
Calculate the highest common divisor of 468 and 396.
36
Calculate the highest common factor of 10 and 5376.
2
What is the greatest common factor of 116 and 1856?
116
Calculate the highest common factor of 90 and 270.
90
Calculate the highest common factor of 844 and 16.
4
Calculate the highest common factor of 6 and 1002.
6
Calculate the greatest common factor of 35 and 95.
5
Calculate the highest common divisor of 102 and 2499.
51
What is the greatest common factor of 272 and 34?
34
Calculate the greatest common divisor of 400 and 784.
16
What is the greatest common factor of 1611 and 9?
9
Calculate the highest common divisor of 13 and 3991.
13
What is the greatest common divisor of 8797 and 437?
19
What is the highest common factor of 243 and 288?
9
Calculate the highest common divisor of 242 and 22.
22
What is the highest common divisor of 12 and 76?
4
What is the highest common divisor of 676 and 42250?
338
What is the greatest common factor of 1914 and 528?
66
Calculate the highest common factor of 209 and 76.
19
Calculate the highest common factor of 874 and 38.
38
Calculate the highest common factor of 72 and 6408.
72
What is the highest common factor of 19194 and 42?
42
What is the greatest common factor of 292 and 20294?
146
Calculate the highest common factor